7*w + 21197. What is i(-17)?
168
Let u(f) = f**2 - 1398*f + 26190. What is u(19)?
-11
Let w(u) = u**3 + 25*u**2 + 211*u + 3826. Give w(-23).
31
Let h(p) = 40259*p + 764919. Give h(-19).
-2
Let a(t) = -t**2 - 555*t + 8487. Give a(15).
-63
Let b(s) = 5*s**3 + 318*s**2 + 144*s - 2843. Calculate b(-63).
-8
Let t(o) = 422*o + 260369. Calculate t(-617).
-5
Let z(r) = 36*r**2 - 639*r - 6209. Determine z(-7).
28
Let y(g) = 16*g**2 + 1834*g - 4401. Determine y(-117).
45
Let i(g) = -g**2 - 43071*g - 215333. Determine i(-5).
-3
Let y(s) = s**3 - 87*s**2 + 92*s + 6012. Give y(85).
-618
Let s(p) = p**3 + 157*p**2 + 4093*p + 96. Calculate s(-124).
-28
Let n(b) = b**3 - 41*b**2 - 3994*b - 670. What is n(87)?
26
Let u(r) = -2220*r - 277497. What is u(-125)?
3
Let m(i) = -4*i**2 + 1471*i - 9954. Give m(361).
-207
Let k(m) = 50152*m + 451375. Calculate k(-9).
7
Let r(y) = 6*y**3 + y**2 - 11*y + 10. Calculate r(-2).
-12
Let l(g) = 908*g - 632. Calculate l(2).
1184
Let b(a) = 15371*a - 322781. Calculate b(21).
10
Let n(c) = -37336*c - 634685. Determine n(-17).
27
Let j(m) = -65936*m - 4417702. What is j(-67)?
10
Let j(p) = -p**3 - 356*p**2 + 2170*p + 7. Determine j(6).
-5
Let j(x) = 1742*x - 352433. Calculate j(202).
-549
Let i(c) = 32300*c - 1162807. What is i(36)?
-7
Let v(h) = 10*h**2 - 385*h + 1523. Give v(4).
143
Let i(y) = -y**3 + 680*y**2 - 38887*y + 1002. Give i(63).
-6
Let i(g) = -4591*g + 90588. Give i(20).
-1232
Let l(z) = z**3 + 525*z**2 - 2228*z - 59152. What is l(-529)?
96
Let f(v) = -2*v**2 + 123*v - 1962. Give f(15).
-567
Let t(x) = -x**3 - 7*x**2 - 749*x - 6119. Calculate t(-8).
-63
Let q(g) = 287*g**2 - 2301*g + 45. What is q(8)?
5
Let o(s) = 499*s + 57495. Determine o(-114).
609
Let h(u) = -28*u**3 - 307*u**2 + 42*u + 308. What is h(-11)?
-33
Let c(t) = -6793*t - 35387. What is c(-5)?
-1422
Let o(y) = 4*y**3 - 162*y**2 + 1640*y - 87. Give o(21).
-45
Let r(m) = -31*m + 4746. What is r(150)?
96
Let n(k) = -1858*k + 213720. What is n(115)?
50
Let p(x) = -6*x**2 + 170*x + 1790. Calculate p(-10).
-510
Let l(f) = -f**2 - 81*f - 1064. Give l(-58).
270
Let y(u) = 31*u**2 + 352*u + 1410. What is y(-4)?
498
Let y(c) = 4*c**3 - 22*c**2 + 87*c - 269. Give y(4).
-17
Let g(d) = 7*d**3 - 1800*d**2 + 2048*d - 49. Give g(256).
-49
Let s(u) = -u**3 + 148*u**2 - 836*u + 101288. Give s(147).
5
Let x(y) = 35826*y + 9852163. Calculate x(-275).
13
Let g(r) = 414*r - 3369. Calculate g(9).
357
Let i(u) = -14738*u - 44. Determine i(0).
-44
Let y(b) = -b**2 + 168*b + 2611. Calculate y(186).
-737
Let s(g) = -9*g**3 + 14*g**2 + 56*g + 22. Determine s(-4).
598
Let k(d) = 2*d**2 + 160*d + 1901. What is k(-63)?
-241
Let d(l) = -5*l**3 - 457*l**2 + 259*l - 1565. Determine d(-92).
-1
Let z(j) = 444*j - 10459. Calculate z(20).
-1579
Let t(v) = 2*v**3 + 309*v**2 - 436*v + 4996. What is t(-156)?
4
Let m(p) = p**3 + 3*p**2 - 10*p - 2559. Determine m(13).
15
Let r(a) = -1632*a - 132297. Calculate r(-81).
-105
Let k(x) = -661*x + 8589. Determine k(13).
-4
Let z(q) = -1137*q**2 - 328*q - 329. Determine z(-1).
-1138
Let v(h) = -111*h**2 - 488*h - 966. What is v(-2)?
-434
Let w(s) = 2*s**2 + 331*s + 12204. Calculate w(-55).
49
Let f(p) = 1426*p + 3331. What is f(-2)?
479
Let a(c) = 151*c + 3394. Give a(-31).
-1287
Let l(m) = -2377*m + 6857. What is l(3)?
-274
Let m(d) = 397*d - 2410. Determine m(5).
-425
Let i(d) = -436*d + 2125. Calculate i(-1).
2561
Let s(k) = 342686*k + 10280572. Determine s(-30).
-8
Let a(y) = 3069*y - 18328. Determine a(6).
86
Let a(w) = -1176*w + 8889. Calculate a(9).
-1695
Let h(f) = f**3 + 116*f**2 - 3097*f - 51327. Calculate h(-136).
-55
Let q(x) = -31*x + 485. Give q(17).
-42
Let a(q) = 6*q**2 - 299*q - 4264. Calculate a(62).
262
Let n(h) = 462383*h - 1387124. Calculate n(3).
25
Let h(y) = -24117*y + 1519357. Give h(63).
-14
Let f(g) = 4278*g + 4376402. Give f(-1023).
8
Let h(p) = -3*p**3 - 43*p**2 + 38*p + 135. What is h(-15)?
15
Let s(h) = -49050*h + 294342. Determine s(6).
42
Let y(i) = -6409326*i - 6409344. Give y(-1).
-18
Let t(r) = -17536*r + 473430. Calculate t(27).
-42
Let l(p) = -15*p**3 + 142*p**2 - 75*p + 133. Determine l(9).
25
Let h(m) = -41*m**2 + 1272*m - 3421. Give h(28).
51
Let a(d) = -55*d**2 - 1932*d + 1791. Determine a(-36).
63
Let r(g) = 100*g**2 - 628*g + 5. Give r(6).
-163
Let u(h) = 1010855*h - 6065125. Give u(6).
5
Let i(v) = 8*v**2 + 177*v - 1644. Give i(7).
-13
Let j(t) = 1420*t - 8934. What is j(6)?
-414
Let a(j) = 4*j**3 - 26*j**2 - 12*j - 150. Give a(8).
138
Let c(x) = -x**2 + 22*x + 3311. What is c(57)?
1316
Let s(a) = 15*a**3 + 1437*a**2 - 308*a - 1902. Give s(-96).
18
Let o(g) = 4*g**3 + 382*g**2 - 204*g - 837. Determine o(-96).
315
Let d(p) = -p**2 - 151*p + 58556. Determine d(178).
-6
Let j(f) = -1039*f + 10226. Calculate j(10).
-164
Let p(o) = -9*o**2 + 458*o - 105. What is p(52)?
-625
Let i(m) = m**3 - 9*m**2 + 702*m - 2719. What is i(4)?
9
Let f(q) = 2*q**3 + 13*q**2 + 10*q - 9. What is f(-6)?
-33
Let p(q) = 12494*q - 362372. Give p(29).
-46
Let r(l) = -l**3 + 27*l**2 - 146*l + 196. Give r(9).
340
Let k(r) = -3*r**2 + 186*r - 41. Calculate k(66).
-833
Let k(z) = 5*z**3 - 260*z**2 - 2066*z + 64. Determine k(59).
5
Let m(i) = 9*i**2 + 25*i + 345. What is m(-11)?
1159
Let k(c) = 5492*c + 49408. Give k(-9).
-20
Let r(g) = -2179*g + 18816. What is r(9)?
-795
Let g(v) = -16*v**3 + 1185*v**2 + 15*v - 6459. Calculate g(74).
127
Let a(l) = -l**3 - 132*l**2 - 373*l + 2017. Give a(-129).
211
Let o(y) = 4373*y - 3113568. What is o(712)?
8
Let m(l) = l**3 - 169*l**2 - 821*l - 3. Determine m(0).
-3
Let r(x) = -x**2 - 12676*x - 253071. Determine r(-20).
49
Let i(m) = -4488*m + 152580. Determine i(34).
-12
Let d(k) = k**3 + 7*k**2 - 729*k - 3663. Determine d(-5).
32
Let l(p) = -6*p**3 - 4*p**2 - 105*p - 837. What is l(-9)?
4158
Let q(u) = -u**3 - 73*u**2 + 9168*u - 823. Determine q(-139).
11
Let b(n) = 2*n**3 - 835*n**2 + 469*n - 21658. What is b(417)?
26
Let a(f) = 2*f**2 + 181*f + 1731. Calculate a(-11).
-18
Let x(z) = -6*z**2 - 852*z - 6446. Give x(-8).
-14
Let k(v) = 18477*v - 129133. Calculate k(7).
206
Let d(l) = 4*l**2 + 385*l + 469. Determine d(-95).
-6
Let h(b) = -11*b**2 - 672*b + 5242. Calculate h(7).
-1
Let p(v) = 9038*v + 36006. Determine p(-4).
-146
Let x(p) = -p**2 + 2077*p + 20874. Calculate x(-10).
4
Let h(c) = c**3 + 141*c**2 + 1449*c + 2305. What is h(-130)?
-165
Let k(x) = -2*x**3 + 255*x**2 + 125*x + 398. Determine k(128).
14
Let j(s) = -s**2 + 40*s + 1075. Determine j(39).
1114
Let p(d) = 50*d**2 + 340*d - 143. What is p(-7)?
-73
Let h(g) = g**2 + 3369*g - 1160469. Calculate h(315).
-9
Let j(x) = -514*x**2 + 4116*x - 31. Give j(8).
1
Let m(t) = -178*t**2 + 26424*t - 11819. Give m(148).
21
Let x(d) = 3*d**2 + 5103*d - 3597095. Give x(536).
1
Let c(d) = -19717*d - 197166. Give c(-10).
4
Let r(k) = -102*k**2 - 3422*k - 12067. Determine r(-4).
-11
Let b(n) = 369*n**2 + 793*n - 2744. Determine b(-4).
-12
Let c(y) = 220536*y + 8600906. Calculate c(-39).
2
Let g(v) = -2*v**2 - 232*v + 3624. What is g(15)?
-306
Let k(r) = -16717*r - 133864. What is k(-8)?
-128
Let i(b) = -980*b + 1658. What is i(2)?
-302
Let w(o) = -7086*o - 637826. Determine w(-90).
-86
Let w(s) = -13934*s - 4068728. Determine w(-292).
0
Let l(m) = 5*m**3 + 150*m**2 - 679*m + 6. Calculate l(-34).
-28
Let j(z) = 5805*z - 5195358. Calculate j(895).
117
Let y(r) = 8*r**3 - 7*r**2 - 97*r - 150. Determine y(-5).
-840
Let z(v) = 25*v**2 - 2138*v + 940. Calculate z(85).
-165
Let q(p) = p**3 + 103*p**2 + 2467*p + 10. Determine q(-38).
124
Let c(t) = -5*t**3 + 332*t**2 + 188*t + 491. Give c(67).
-380
Let m(a) = -3*a**3 - 84*a**2 + 534*a + 23. Give m(7).
-1384
Let c(a) = a**3 + 383*a**2 - 901317*a + 3480. Calculate c(-1160).
0
Let j(o) = -104*o**2 + 625*o + 43. Give j(6).
49
Let m(f) = 17665*f + 2738080. Calculate m(-155).
5
Let y(b) = -2*b**2 - 498*b - 26436. Determine y(-77).
52
Let f(i) = 169*i**3 - 85*i**2 - 58*i + 26. Determine f(-1).
-170
Let c(z) = 24*z**3 + 266*z**2 - 266*z - 9. Determine c(-12).
15
Let h(p) = 115*p**3 - 451*p**2 + 251*p - 1152. Determine h(4).
-4
Let v(n) = 2950*n + 1082649. Determine v(-367).
-1
Let t(d) = -d**2 + 189*d - 5506. What is t(153)?
2
Let a(j) = 3020*j - 57324. Give a(19).
56
Let h(l) = 6*l**3 + 3*l**2 + 4220*l + 8439. What 